ose 8*j - h = j. Is j composite?
False
Let s(q) = -438*q - 97. Is s(-9) a prime number?
False
Let x = 1469 + -348. Suppose -349 = 3*l + x. Is 3/3 - l/1 a prime number?
True
Let l(x) = -x**3 - 1. Let u(v) = -5*v**3 - 16*v**2 + 16*v - 15. Let y(k) = -4*l(k) + u(k). Is y(-17) a prime number?
False
Suppose 0 = d, -64*a + 67*a + 2*d - 7737 = 0. Is a prime?
True
Let i = 8 - -1. Suppose u = -5, 3*z + 55 = -5*u - 0*u. Let s = i - z. Is s prime?
True
Let h be 4/(-5) + (-5)/((-175)/212583). Suppose -4*u = t - 4856, -u = 4*u + 2*t - h. Is u a composite number?
False
Suppose 7*o = o. Suppose o = 4*r + 5*l - 1800, 3*r + l - 1331 = 2*l. Is r composite?
True
Suppose -6 = -2*y - 82. Let v = 29 - y. Is v composite?
False
Let n(y) = -128*y - 1. Is n(-9) composite?
False
Let u(k) = -379*k**3 + 4*k**2 + 2*k. Is u(-1) a prime number?
False
Let s be 1*3 + -9*(-17 - 1). Suppose 0*b - 4*j - 165 = -3*b, j + s = 3*b. Is b a prime number?
False
Suppose 0 = n - 2*n - 2*n. Suppose n*u - 534 = -2*u + 2*l, 0 = -2*u - 3*l + 514. Is u a prime number?
True
Suppose -26612 = -4*r + 2*t, -r - 5*t - 39 = -6692. Is r prime?
True
Suppose 23*h - 5855 + 450 = 0. Is h a composite number?
True
Let c(t) = t**3 - 9*t**2 + 2*t - 3. Let r be c(9). Suppose r = 3*x - 3. Is (-171)/6*(-92)/x prime?
False
Suppose p + 112 = -7*p. Let m(j) = -j**2 - 16*j + 10. Is m(p) prime?
False
Let t = -6851 + 9744. Is t composite?
True
Let k = -4052 + 10783. Is k a composite number?
True
Suppose -2062 = -22*p + 20*p. Is p prime?
True
Is 16/(-6)*6639/(-2) - -5 prime?
False
Suppose 9 = 3*i, 5*i - 9*i + 2357 = 5*y. Is y prime?
False
Suppose -1388 = -4*r - 0*r. Let q be (-2 - -10)/((-3)/36). Let w = q + r. Is w a prime number?
True
Let a be -7 + 0 + (-15)/(-5). Let z(y) = -39*y + 1. Let u be z(a). Suppose n = 114 + u. Is n a composite number?
False
Let f = 18 + -5. Let s = f - 9. Suppose g - 77 = 4*j, 85 = s*g + 5*j - 328. Is g prime?
True
Suppose 0 = -3*i + 2*c + 1732, i - 493 = c + 86. Let x = i - -197. Is x a prime number?
False
Suppose 25*n = 7*n + 236826. Is n composite?
True
Let q(n) = -127*n - 7. Let m be -1 - -3 - (-30)/(-3). Is q(m) a composite number?
False
Let z(n) = n**3 - 22*n**2 + 20*n + 14. Let l be z(21). Let s(t) = -75*t - 8. Is s(l) a prime number?
False
Let h be (-6)/(-27) + 0 + (-31503)/(-27). Suppose 4*a + 2*i - 102 = 1060, 4*a = -i + h. Is a a composite number?
False
Let f = 575 + -370. Is f a composite number?
True
Let c(s) = s**3 + 37*s**2 + 6*s - 67. Is c(-18) prime?
True
Let l(u) = u**2 - 5*u + 9. Let t be l(3). Suppose 2*d - 1235 = t*b + 3477, 3*b = 12. Is d prime?
False
Let m be (-42)/(-5) + 12/(-30). Let d(n) = 66*n - 7. Is d(m) prime?
True
Let a(o) = 36*o**2 - 28*o - 53. Is a(20) a prime number?
False
Suppose -1364 = -j + f, j - 6*f = -2*f + 1358. Is j a composite number?
True
Let s(c) = -86*c. Let b be s(4). Let n = b + 895. Is n prime?
False
Let c(b) = -17*b - 23*b + 1 - 3 - 59*b. Let x be c(-2). Suppose -4*t + 7*t - 568 = -d, -d = -t + x. Is t a composite number?
False
Let h = -4812 - -8219. Is h a prime number?
True
Let x = 82501 - 58142. Is x a composite number?
False
Let i = -9 + 10. Let n = 1 + i. Suppose -n*o - 3*o + 2*r + 645 = 0, 2*r - 403 = -3*o. Is o a prime number?
True
Suppose -3*r + 0*r + 5*s + 44 = 0, r + 5*s - 28 = 0. Let y = r + -26. Is (-86)/y - 21/(-84) a prime number?
True
Is 2627333/136 + -1*(-3)/8 composite?
False
Suppose -16*k + 7*k + 877077 = 0. Is k prime?
True
Let p(n) = 2*n**3 + 18*n**2 - 7*n + 1. Let z(a) = -3*a**3 - 19*a**2 + 6*a - 2. Let v(b) = 4*p(b) + 3*z(b). Is v(10) prime?
False
Let d(q) = 2*q**2 - 16*q - 19. Let p be d(9). Is (2*p)/(-1 - (-2043)/2049) a prime number?
True
Suppose 4*r - 26358 = 5*j, -5*r + 5*j = 10*j - 32925. Is r composite?
True
Let b(m) = -m**2 - 19*m - 6. Let n be b(-16). Let h = n - 3. Is h composite?
True
Suppose 5*s - 2315 + 8748 = 2*d, -s = -5*d + 1305. Is s/(-8) + 12/32 prime?
False
Let v(m) = m - 10. Let a be v(10). Suppose -5*i + 4*j + 2002 = a, -2*i + 3*j - j = -802. Is i composite?
True
Suppose -91*b = -79*b - 30948. Is b a composite number?
False
Let k(m) = 111*m**3 - 5*m**2 + 2*m + 1. Is k(3) prime?
False
Suppose 7 = 2*v - 3. Suppose -5*u + 4*t - 1 = 0, -4*u + 32 = -0*u + v*t. Suppose -u*c = -0*c - 879. Is c composite?
False
Suppose 6 = 18*h - 21*h. Let d(w) = 113*w**2 + 3*w + 5. Is d(h) a composite number?
True
Suppose -g + 25 = 4*g. Suppose 5*i + 5*v = 3*i - 17, -i = g*v + 6. Is (-141)/i - (-4)/22 prime?
True
Let g(t) be the second derivative of 9*t**5/20 - t**4/3 - t**3/2 + 7*t**2/2 - 29*t. Is g(3) composite?
True
Is 3510 - -1*(-8 - -3 - -6) a prime number?
True
Let q = 6756 - 998. Is q composite?
True
Suppose -4*k + k + 16450 = 2*p, -3*k + 3*p = -16440. Is k a prime number?
False
Let m(x) be the first derivative of 7*x**3/3 - 3*x**2/2 - 9*x - 42. Suppose -2*h = -8, -24 = -3*s - s - 2*h. Is m(s) prime?
False
Let g be (-107650)/15*(-24)/(-20). Is (-2 - 20/(-8))/((-2)/g) composite?
False
Suppose -3*d + 57482 = 5*n + 10832, -n + 2*d = -9317. Is n composite?
True
Let i be (4/(-8) - -1)*4. Let b(p) = 282*p - 7. Is b(i) composite?
False
Is 7833 - (-3 + -8 - -3) a prime number?
True
Let l = 463 + 676. Is l prime?
False
Suppose -3*r - 24 = -27. Is 1 + r - -468 - (2 - -1) composite?
False
Suppose -30953 - 29515 = -4*k. Is k composite?
True
Let p = 21 + -19. Suppose -4*o = -p*o - 262. Let s = -69 + o. Is s prime?
False
Suppose -3947 = -2*f + 7755. Is f a prime number?
True
Let f = 6653 - -4718. Is f prime?
False
Is (-6 - 9/(-2))/((-3)/17562) composite?
True
Suppose -105*x + 13829 = -104*x. Is x a prime number?
True
Let j = 520 - -2113. Is j composite?
False
Suppose -3*p + 2*c = -7, 2*c - 6 - 2 = -2*p. Let w be -1*(p - 6)/3. Is (-20 - (2 + w))*-5 prime?
False
Let i(n) be the second derivative of 17*n**5/12 - 2*n**2 - 2*n. Let d(f) be the first derivative of i(f). Is d(1) prime?
False
Let j = 5962 + -3353. Is j composite?
False
Suppose -3657 = -m + 7925. Is m a prime number?
False
Let k = -1095 - -2164. Is k a composite number?
False
Let l(b) = -27*b + 23. Let i(a) = -a**3 - 6*a**2 + 9*a - 6. Let k be i(-8). Suppose -3*o - 22 = 4*n, -4*o - k = 2*n - 7*n. Is l(o) a prime number?
True
Let o be (-2 - -3) + 1 - -2. Suppose -466 = -m + 4*t - 136, 1235 = o*m + t. Let c = m - -133. Is c a prime number?
True
Is (6 + 14036/33)*(-3)/(-2) composite?
False
Let c = 34 - 46. Is (4/c)/(3*(-5)/58770) composite?
True
Suppose 10*s - 2 = 9*s. Suppose 4*n + 937 = 5*v, -32 = -s*v + n + 341. Suppose -q - v = -6*q. Is q a prime number?
True
Suppose 0 = 3*b, 22*m = 18*m + 5*b + 154556. Is m prime?
True
Suppose -5*k - 12893 = -3*j, -3*j + 8594 = -j - 3*k. Is j prime?
False
Let p = 477 - 296. Let g = 308 - p. Is g prime?
True
Suppose -3*c = 2*c - 15, 15 = o + 5*c. Suppose -4*t + 83 = l, 4*t - 78 = -o*l - 2*l. Is t composite?
True
Let s = -23439 + 38341. Is s composite?
True
Let n(d) = 4282*d**2 - 27*d - 60. Is n(-3) composite?
True
Suppose -22*c - 97180 = -42*c. Is c composite?
True
Let y(l) = -2053*l - 120. Is y(-17) composite?
False
Let v be 2*6/(-8)*48. Let a = 491 - 256. Let k = v + a. Is k composite?
False
Suppose -15 = -4*k + 17. Let n be (-4)/k*(-3 + -27). Suppose 3*r - n = 2*r. Is r a composite number?
True
Let t = 197 + -193. Suppose 2*v - z - 7 = 0, 6 = 4*v - 5*z - 5. Suppose 5*j - 407 = -t*h + 559, 5*h - v*j = 1187. Is h prime?
True
Suppose 0 = 5*o - o. Suppose 3*h + q - 51 = -o*q, -3 = -h - 5*q. Suppose 3*c - h = 87. Is c a composite number?
True
Let g be -2 - -8 - 4*(2 - 1). Suppose -4*o + 3355 = p - 2208, g*o - 2784 = 2*p. Is o prime?
False
Let o(v) = -11873*v + 255. Is o(-6) composite?
True
Is ((-77808)/32 - -14)*6/(-5) composite?
True
Suppose 0 = -2*w + 5*k - 4023, 2*k = -5*w - 3*k - 10075. Let a = -1352 - w. Is a prime?
False
Suppose 702 + 618 = 24*i. Is i composite?
True
Is 24/(-16) + (-2)/(4/(-7645)) prime?
True
Let y be 1/6 - (-55)/30. Suppose 556 = -t + y*t. Suppose 0 = -5*b - 4*z + 939, 3*b = 2*z + 3*z + t. Is b a composite number?
True
Let n(c) be the first derivative of 3 - 6*c**2 + 12*c - 1/3*c**3. Is n(-9) a prime number?
False
Suppose -j - 4*j = 0. Suppose q = -x - 2*q - 1536, j = 2*x + 2*q + 3076. Is (-6)/(-12) - x/6 composite?
False
Suppose 25 = -5*a, -2*g + 3*a = -a. Let k(t) = 2*t**3 - 8*t**2 - 2*t - 2. Let z(x) = 3*x*